{"id":71,"date":"2025-03-12T11:47:06","date_gmt":"2025-03-12T11:47:06","guid":{"rendered":"https:\/\/www.feldenkrais-neumann.de\/?page_id=71"},"modified":"2025-03-12T11:54:19","modified_gmt":"2025-03-12T11:54:19","slug":"ueber-mich","status":"publish","type":"page","link":"https:\/\/www.feldenkrais-neumann.de\/index.php\/ueber-mich\/","title":{"rendered":"\u00dcber mich"},"content":{"rendered":"\n<div class=\"wp-block-columns is-layout-flex wp-container-core-columns-is-layout-9d6595d7 wp-block-columns-is-layout-flex\">\n<div class=\"wp-block-column is-layout-flow wp-block-column-is-layout-flow\" style=\"flex-basis:33.33%\">\n<figure class=\"wp-block-image size-full\"><img loading=\"lazy\" decoding=\"async\" width=\"400\" height=\"600\" src=\"https:\/\/www.feldenkrais-neumann.de\/wp-content\/uploads\/2025\/03\/SK110422a.jpg\" alt=\"\" class=\"wp-image-72\" srcset=\"https:\/\/www.feldenkrais-neumann.de\/wp-content\/uploads\/2025\/03\/SK110422a.jpg 400w, https:\/\/www.feldenkrais-neumann.de\/wp-content\/uploads\/2025\/03\/SK110422a-200x300.jpg 200w\" sizes=\"auto, (max-width: 400px) 100vw, 400px\" \/><figcaption class=\"wp-element-caption\">Susanne Neumann<\/figcaption><\/figure>\n<\/div>\n\n\n\n<div class=\"wp-block-column is-layout-flow wp-block-column-is-layout-flow\" style=\"flex-basis:66.66%\">\n<p>Ich leite seit mehr als 25 Jahren Gruppen in den verschiedensten Zusammenh\u00e4ngen.<br>Seit 2009 ausschlie\u00dflich Feldenkraiskurse.<\/p>\n\n\n\n<ul class=\"wp-block-list\">\n<li>zertifizierte FELDENKRAIS \u00ae Lehrerin<\/li>\n\n\n\n<li>5 j\u00e4hrige Ausbildung bei Eli Wadler, Ruthy Alon, Ruty Bar, Edward Dwelle, Carl Ginsburg, Lea Wolgensinger<\/li>\n\n\n\n<li>Mitglied im FDV Feldenkrais-Verband Deutschland e.V.<\/li>\n\n\n\n<li>Regelm\u00e4\u00dfig 1 &#8211; 2 x pro Jahr mehrt\u00e4gige Fortbildungen bei international anerkannten FELDENKRAIS<sup>\u00ae\u00a0<\/sup>TrainerInnen<\/li>\n\n\n\n<li>Austausch mit Kolleginnen im Sinne der Intervision<\/li>\n<\/ul>\n<\/div>\n<\/div>\n","protected":false},"excerpt":{"rendered":"<p>Ich leite seit mehr als 25 Jahren Gruppen in den verschiedensten Zusammenh\u00e4ngen.Seit 2009 ausschlie\u00dflich Feldenkraiskurse.<\/p>\n","protected":false},"author":1,"featured_media":0,"parent":0,"menu_order":0,"comment_status":"closed","ping_status":"closed","template":"","meta":{"footnotes":""},"class_list":["post-71","page","type-page","status-publish","hentry"],"acf":[],"_links":{"self":[{"href":"https:\/\/www.feldenkrais-neumann.de\/index.php\/wp-json\/wp\/v2\/pages\/71","targetHints":{"allow":["GET"]}}],"collection":[{"href":"https:\/\/www.feldenkrais-neumann.de\/index.php\/wp-json\/wp\/v2\/pages"}],"about":[{"href":"https:\/\/www.feldenkrais-neumann.de\/index.php\/wp-json\/wp\/v2\/types\/page"}],"author":[{"embeddable":true,"href":"https:\/\/www.feldenkrais-neumann.de\/index.php\/wp-json\/wp\/v2\/users\/1"}],"replies":[{"embeddable":true,"href":"https:\/\/www.feldenkrais-neumann.de\/index.php\/wp-json\/wp\/v2\/comments?post=71"}],"version-history":[{"count":0,"href":"https:\/\/www.feldenkrais-neumann.de\/index.php\/wp-json\/wp\/v2\/pages\/71\/revisions"}],"wp:attachment":[{"href":"https:\/\/www.feldenkrais-neumann.de\/index.php\/wp-json\/wp\/v2\/media?parent=71"}],"curies":[{"name":"wp","href":"https:\/\/api.w.org\/{rel}","templated":true}]}}

Über mich

<div class="wp-block-columns is-layout-flex wp-container-core-columns-is-layout-9d6595d7 wp-block-columns-is-layout-flex">
<div class="wp-block-column is-layout-flow wp-block-column-is-layout-flow" style="flex-basis:33.33%">
<figure class="wp-block-image size-full"><img loading="lazy" decoding="async" width="400" height="600" src="https://www.feldenkrais-neumann.de/wp-content/uploads/2025/03/SK110422a.jpg" alt="" class="wp-image-72" srcset="https://www.feldenkrais-neumann.de/wp-content/uploads/2025/03/SK110422a.jpg 400w, https://www.feldenkrais-neumann.de/wp-content/uploads/2025/03/SK110422a-200x300.jpg 200w" sizes="auto, (max-width: 400px) 100vw, 400px" /><figcaption class="wp-element-caption">Susanne Neumann</figcaption></figure>
</div>



<div class="wp-block-column is-layout-flow wp-block-column-is-layout-flow" style="flex-basis:66.66%">
<p>Ich leite seit mehr als 25 Jahren Gruppen in den verschiedensten Zusammenhängen.<br>Seit 2009 ausschließlich Feldenkraiskurse.</p>



<ul class="wp-block-list">
<li>zertifizierte FELDENKRAIS ® Lehrerin</li>



<li>5 jährige Ausbildung bei Eli Wadler, Ruthy Alon, Ruty Bar, Edward Dwelle, Carl Ginsburg, Lea Wolgensinger</li>



<li>Mitglied im FDV Feldenkrais-Verband Deutschland e.V.</li>



<li>Regelmäßig 1 &#8211; 2 x pro Jahr mehrtägige Fortbildungen bei international anerkannten FELDENKRAIS<sup>® </sup>TrainerInnen</li>



<li>Austausch mit Kolleginnen im Sinne der Intervision</li>
</ul>
</div>
</div>

<p>Ich leite seit mehr als 25 Jahren Gruppen in den verschiedensten Zusammenhängen.Seit 2009 ausschließlich Feldenkraiskurse.</p>
